ine j(13).
1
Let u(c) = 14*c**2 - 36*c - 115. Calculate u(-3).
119
Let i(j) = -j**2 + 18*j - 60. Give i(15).
-15
Let i(d) = 623*d + 26109. Determine i(-42).
-57
Let r(o) = -105*o - 885. Determine r(-7).
-150
Let z(j) = -39*j - 11. Give z(5).
-206
Let k(d) = -18*d**2 - 18*d + 22. Determine k(2).
-86
Let v(r) = 15*r - 364. What is v(4)?
-304
Let x(f) = f**3 - 160*f**2 + 779*f - 563. What is x(155)?
57
Let b(p) = 6*p**2 + 42*p + 4. What is b(-3)?
-68
Let i(a) = a**2 + 33*a + 133. Determine i(-25).
-67
Let a(v) = -38*v**2 - 3158*v - 343. Determine a(-83).
-11
Let o(k) = -2*k**3 + k**2 + 24*k - 20. Calculate o(5).
-125
Let m(d) = d**3 - 14*d**2 + 65*d - 675. Determine m(13).
1
Let m(t) = -3175*t + 63522. Calculate m(20).
22
Let z(k) = -k**2 - 23*k - 138. What is z(-10)?
-8
Let g(f) = f**3 + 22*f**2 - 4*f - 63. Calculate g(-22).
25
Let n(i) = i**3 - 7*i**2 - 34*i + 157. Calculate n(10).
117
Let d(f) = 5*f**2 + 6*f - 89. What is d(-5)?
6
Let g(d) = -59*d + 7759. Determine g(131).
30
Let d(z) = -z**3 + 57*z**2 - 258*z - 75. Determine d(52).
29
Let o(r) = 2*r**3 - 73*r**2 + 176*r - 2475. What is o(35)?
10
Let p(y) = 1798*y - 1803. Give p(1).
-5
Let u(d) = -34*d + 1502. Calculate u(45).
-28
Let f(t) = -4*t**2 + 6. What is f(3)?
-30
Let r(q) = -q**2 - 7*q + 190. What is r(11)?
-8
Let t(y) = 20*y**3 + 4*y**2 + 3*y + 1. Calculate t(-1).
-18
Let y(b) = 6*b**2 - 73*b + 5. What is y(7)?
-212
Let h(d) = -2*d**3 - 120*d**2 + 246*d - 140. Determine h(-62).
-16
Let m(x) = 212*x - 428. Give m(2).
-4
Let i(b) = -b**2 + 101*b - 850. Calculate i(92).
-22
Let f(p) = p**2 - 13*p + 39. Calculate f(7).
-3
Let k(j) = -j**3 - 21*j**2 + 4*j + 91. Calculate k(-21).
7
Let i(u) = u**3 - 31*u**2 + 141*u - 802. What is i(27)?
89
Let w(z) = 4*z**3 + 514*z**2 + 278*z + 2810. Give w(-128).
-6
Let z(r) = -4*r**3 - 189*r**2 - 46*r - 139. Give z(-47).
-186
Let n(s) = -s**3 + 49*s**2 - 87*s - 287. Determine n(47).
42
Let t(a) = -a**3 - 4*a**2 + 10*a - 12. Calculate t(-6).
0
Let o(h) = 329*h - 12169. Give o(37).
4
Let g(q) = 28*q - 357. Determine g(12).
-21
Let r(m) = m**2 + 1305*m - 14481. Calculate r(11).
-5
Let p(t) = 14*t**2 + 18*t + 21. Give p(-1).
17
Let o(l) = 14*l - 62. Calculate o(5).
8
Let i(a) = -1682*a - 215293. Give i(-128).
3
Let k(o) = -55*o**2 - 116*o + 4. What is k(-3)?
-143
Let n(c) = 297*c + 1468. What is n(-5)?
-17
Let v(g) = 57*g - 78. Determine v(1).
-21
Let l(s) = 25*s**2 - 82*s + 24. Give l(3).
3
Let s(d) = d**2 - 837*d - 7586. Determine s(-9).
28
Let m(t) = -2120*t + 6361. Give m(3).
1
Let o(w) = -20*w - 1786. What is o(-89)?
-6
Let o(u) = -4*u**3 - 14*u**2 - 35*u - 72. What is o(-3)?
15
Let p(s) = 1137*s + 1291. Give p(-1).
154
Let y(a) = -7*a - 325. Give y(-73).
186
Let w(z) = z**2 + 10*z + 22. What is w(-13)?
61
Let c(f) = -139*f + 1112. Determine c(8).
0
Let r(y) = 2230*y - 294357. Calculate r(132).
3
Let q(s) = 2*s**3 + 11*s**2 - 3*s + 33. Give q(-6).
15
Let j(o) = 1776*o + 92351. Determine j(-52).
-1
Let j(u) = -5*u**2 - 19*u + 111. What is j(-15)?
-729
Let y(s) = -12*s**2 + 184*s + 19. Give y(16).
-109
Let v(g) = g**3 + 79*g**2 - 246*g + 24. Calculate v(-82).
24
Let m(k) = -23*k + 269. Give m(9).
62
Let v(o) = 2*o**2 + 27*o - 83. Give v(-16).
-3
Let w(c) = 64*c + 506. Give w(-8).
-6
Let g(p) = 132*p - 679. What is g(5)?
-19
Let t(x) = 8*x**2 - 29*x + 21. Calculate t(3).
6
Let r(s) = 69*s - 361. Calculate r(6).
53
Let k(r) = 2*r**3 + 19*r**2 + 21*r - 1. What is k(-8)?
23
Let i(z) = 729*z + 13859. Determine i(-19).
8
Let z(g) = -g**2 - 6*g + 76. Determine z(-6).
76
Let i(g) = g**3 + 43*g**2 - 40*g + 318. Calculate i(-44).
142
Let c(d) = -13*d - 216. Calculate c(-20).
44
Let s(m) = -27*m**2 - 1247*m - 227. Give s(-46).
3
Let j(m) = 76*m + 928. Determine j(-12).
16
Let y(z) = -492*z - 931. Give y(-2).
53
Let q(t) = -9*t + 58. Determine q(0).
58
Let o(q) = -q**3 - 11*q**2 - 11*q - 70. What is o(-10)?
-60
Let j(f) = f**3 - 98*f**2 - 955*f + 25. Calculate j(-9).
-47
Let m(c) = 12*c**3 + 323*c**2 + 287*c + 1. What is m(-26)?
-25
Let r(t) = -t**3 - 102*t**2 - 572*t + 375. What is r(-96)?
-9
Let p(r) = -2*r**3 + 2*r**2 - 3*r + 23. Determine p(4).
-85
Let k(y) = -2*y**3 + 31*y**2 - 29*y + 16. What is k(15)?
-194
Let t(v) = 3*v**3 - v**2 - 28*v - 72. What is t(-3)?
-78
Let n(a) = a**3 + 6*a**2 - 23. Determine n(-6).
-23
Let n(s) = s**2 + 6*s - 11. Determine n(-11).
44
Let y(f) = 91*f + 2658. Determine y(-29).
19
Let f(s) = -2*s**3 - 9*s**2 - 11*s + 1. Calculate f(-3).
7
Let n(j) = 72*j + 1362. Calculate n(-19).
-6
Let d(y) = -y**2 + 61*y - 51. What is d(60)?
9
Let m(p) = -p**2 + 60*p - 635. Give m(14).
9
Let u(t) = 9*t - 8. Calculate u(4).
28
Let n(v) = 11*v**3 - 210*v**2 + 23*v + 50. Calculate n(19).
126
Let v(u) = u**3 + 19*u**2 + 30*u - 52. Give v(-17).
16
Let h(r) = -2*r**2 - 217*r - 4113. Determine h(-84).
3
Let c(t) = -17*t**2 - 15*t + 202. Calculate c(8).
-1006
Let q(h) = h**3 - 3*h**2 + 3*h + 19. Determine q(-3).
-44
Let a(c) = 4*c**3 + 18*c**2 + 24*c + 35. What is a(-5)?
-135
Let j(b) = 8*b**3 - 2*b**2 + 6*b + 1. Give j(-2).
-83
Let l(g) = 38*g - 103. Determine l(2).
-27
Let d(x) = 673*x**3 + x**2 + 2*x + 1. What is d(-1)?
-673
Let g(v) = -2*v**3 - 7*v**2 + 26*v + 39. Give g(-5).
-16
Let r(k) = -k**2 - 83*k + 263. Give r(3).
5
Let t(a) = a**3 + 19*a**2 + 99*a + 81. Give t(-8).
-7
Let l(g) = 6*g**3 + 48*g**2 + 14*g + 96. Calculate l(-8).
-16
Let n(o) = 4*o**2 + 50*o + 199. Determine n(-11).
133
Let t(v) = v**3 + 24*v**2 + 83*v + 1220. Determine t(-23).
-160
Let d(f) = 91*f + 7600. Calculate d(-83).
47
Let h(p) = -p**2 + 107*p + 2396. Calculate h(-19).
2
Let x(k) = k**2 + 340*k + 28416. Calculate x(-192).
0
Let t(k) = k**3 - 60*k**2 - 59*k - 140. Determine t(61).
-18
Let i(l) = 214*l**3 + 4*l**2 - 4*l - 6. Calculate i(-1).
-212
Let s(y) = -315*y**3 - 4*y**2 + 2*y - 1. Give s(1).
-318
Let f(g) = 6*g**2 - 2*g - 10. Determine f(-3).
50
Let b(u) = u**2 - 41*u + 292. Give b(9).
4
Let v(f) = -330*f**3 - f**2 - 10*f - 9. Determine v(-1).
330
Let l(y) = -20*y - 122. Determine l(-17).
218
Let l(o) = -13*o**2 - 287*o - 4. Calculate l(-22).
18
Let x(k) = -k**3 - 40*k**2 - 148*k + 151. Give x(-5).
16
Let u(p) = -30*p + 89. Give u(10).
-211
Let q(g) = -g**2 - 3*g - 2. Determine q(-10).
-72
Let f(g) = 68*g**2 - 1153*g - 50. Give f(17).
1
Let o(g) = g**2 + 18*g - 340. Give o(-29).
-21
Let d(p) = -16*p - 79. What is d(-14)?
145
Let g(y) = -858*y - 48046. Determine g(-56).
2
Let y(x) = -108*x - 2478. Determine y(-23).
6
Let z(f) = -55*f**2 + 3*f - 3. Determine z(-1).
-61
Let x(c) = 689*c + 24130. Give x(-35).
15
Let n(h) = 178*h**2 + 527*h. What is n(-3)?
21
Let m(l) = -4*l**3 + 56*l**2 + 7*l + 21. Determine m(14).
119
Let b(d) = -3*d**2 - 148*d + 394. Give b(-52).
-22
Let m(h) = -8637*h - 77723. Calculate m(-9).
10
Let k(t) = -283*t + 7921. Determine k(28).
-3
Let k(n) = 59*n - 759. What is k(13)?
8
Let z(n) = 2*n**2 - 33*n + 95. Calculate z(12).
-13
Let n(a) = -3*a**2 - 71*a - 126. Determine n(-22).
-16
Let s(u) = u**3 - 37*u**2 - 43*u + 108. Calculate s(38).
-82
Let q(s) = s**3 - 14*s**2 + 41*s - 371. Give q(13).
-7
Let h(w) = -2*w**2 + 23*w + 18. What is h(17)?
-169
Let x(d) = -d**2 + 24*d + 1216. What is x(-30)?
-404
Let n(d) = 3*d**2 + 3*d + 1. Calculate n(6).
127
Let k(o) = -216*o - 44290. Give k(-205).
-10
Let x(k) = 23*k + 1416. Determine x(-63).
-33
Let h(d) = -40*d - 494. Calculate h(-18).
226
Let q(w) = 86*w**3 - w**2 - 17*w + 17. Calculate q(1).
85
Let w(r) = -r**3 - 21*r**2 + 107*r - 604. Give w(-26).
-6
Let q(h) = -24*h - 756. Give q(-29).
-60
Let s(p) = -7*p**2 - 1605*p + 1167. Determine s(-230).
17
Let f(w) = 69*w - 271. Determine f(10).
419
Let i(l) = -l**2 + 59*l + 397. Calculate i(65).
7
Let w(s) = s**3 + 21*s**2 + 59*s - 17. Give w(-18).
-107
Let a(z) = z**3 + 13*z**2 + 18*z - 32. Calculate a(-7).
136
Let c(w) = -8*w - 197. Calculate c(-32).
59
Let s(v) = -v**3 + 7*v**2 - 7*v + 12. What is s(5)?
27
Let a(k) = -7*k**2 - k - 6. Determine a(-6).
-252
Let q(b) = -74*b - 516. Determine q(-7).
2
Let h(u) = -u**3 + 51*u**2 - 95*u - 35. Give h(49).
112
Let k(a) = 15*a**3 + 6*a**2 - a - 12. Determine k(3).
444
Let x(r) = 53*r + 2067. What is x(-39)?
0
Let l(c) = 567*c + 2894. Determine l(-5).
59
Let r(o) = o**3 - 22*o**2 + 105*o - 590. Give r(18).
4
Let v(c) =